 = 11*c - 4. Calculate y(5).
51
Let u(l) = 17*l**2 - 2*l + 1. Give u(1).
16
Let g(i) = 2*i**2 - 11*i + 5. Calculate g(10).
95
Let z(d) = -d**2 + 14*d - 54. Determine z(6).
-6
Let q(s) = 2*s**3 - s**2 + 10*s - 28. What is q(2)?
4
Let p(a) = a**2 + 16*a + 49. What is p(-8)?
-15
Let v(q) = q**3 - 11*q**2 - 25. What is v(11)?
-25
Let b(w) = -2*w**2 - 9*w - 3. Calculate b(-7).
-38
Let n(b) = 8*b**3 + b**2. Determine n(-1).
-7
Let d(t) = t**3 + 7*t**2 - 2*t - 6. Determine d(-5).
54
Let v(n) = 7*n - 21. Give v(3).
0
Let f(g) = 6*g**2 - g + 4. Determine f(4).
96
Let m(k) = 2*k**3 + 4*k**2 - 7*k - 10. Give m(-5).
-125
Let m(l) = l - 3. Calculate m(-8).
-11
Let o(g) = 2*g**2 + 17*g + 33. What is o(-5)?
-2
Let c(v) = 2*v. Give c(-2).
-4
Let x(l) = -l**3 - 10*l**2 - 14*l + 11. Determine x(-8).
-5
Let r(v) = -4*v + 14. Give r(-6).
38
Let d(a) = 21*a + 110. Determine d(-5).
5
Let z(x) = -x**2 + 4*x + 2. Determine z(3).
5
Let j(m) = 57*m + 119. Determine j(-2).
5
Let w(t) = -t**3 + 13*t**2 - 11*t + 1. Give w(12).
13
Let t(g) = g**3 + 27*g**2 - 28*g - 7. Give t(-28).
-7
Let n(l) = -2*l**2 + 8*l + 61. Determine n(-5).
-29
Let t(n) = -49*n**2 - 2*n - 1. Calculate t(-1).
-48
Let w(h) = h**2 - 3*h + 3. Give w(4).
7
Let b(y) = y**2 + 9*y + 3. What is b(-6)?
-15
Let g(p) = -3*p**2 + 15*p + 5. Determine g(5).
5
Let q(k) = 11*k**2 + 1. Give q(-1).
12
Let k(o) = -2*o**2 + 4*o + 28. Determine k(-7).
-98
Let o(b) = b**3 + 7*b**2 + 7*b - 17. What is o(-5)?
-2
Let p(y) = 3*y**2 + y + 1. Determine p(-1).
3
Let i(t) = -14*t - 102. Determine i(-7).
-4
Let i(w) = w**3 - 8*w**2 + 10*w - 5. What is i(8)?
75
Let m(q) = 4*q + 49. What is m(-4)?
33
Let y(q) = -2*q**2 - 92*q + 95. Give y(-47).
1
Let d(v) = 10*v**2 - 1. Give d(2).
39
Let u(t) = 2*t - 16. Calculate u(12).
8
Let r(i) = 2*i - 8. Determine r(9).
10
Let x(q) = 2*q - 4. Give x(-6).
-16
Let q(j) = 9*j + 113. Determine q(-13).
-4
Let n(y) = 2*y**2 + 10*y - 8. What is n(-8)?
40
Let z(p) = -p**3 + 12*p**2 - 2*p + 13. Give z(12).
-11
Let w(x) = 13*x - 3. Give w(1).
10
Let f(s) = -s + 6. Determine f(1).
5
Let q(a) = 3*a**3 - a**2 - 1. What is q(-1)?
-5
Let l(y) = y**3 + 10*y**2 + 57*y + 198. What is l(-6)?
0
Let g(f) = -f**3 - 32*f**2 + 70*f + 61. Determine g(-34).
-7
Let z(b) = 2*b. Calculate z(-3).
-6
Let o(z) = z**2 - 14*z + 31. Determine o(9).
-14
Let q(r) = 2*r - 15. Calculate q(0).
-15
Let w(r) = -r**3 - 10*r**2 - 8*r + 8. Determine w(-9).
-1
Let c(s) = -s**3 - 34*s**2 - 66*s - 71. Calculate c(-32).
-7
Let x(u) = -u**3 + 12*u**2 + 3*u - 2. Give x(12).
34
Let c(d) = d**2 - 5*d. Calculate c(5).
0
Let m(j) = -26*j**2 - 1. Give m(-1).
-27
Let z(r) = 12*r + 343. Calculate z(-28).
7
Let t(w) = 2*w - 5. Calculate t(13).
21
Let s(y) = -y**2 - 20*y - 5. Determine s(-7).
86
Let u(g) = g**3 + 23*g**2 - g + 11. What is u(-23)?
34
Let w(i) = -30*i - 7. Calculate w(-1).
23
Let u(c) = -30*c. What is u(3)?
-90
Let c(i) = -i**3 + 18*i**2 - 2*i + 22. Give c(18).
-14
Let c(o) = 2*o**2 - 41*o + 23. Give c(20).
3
Let q(n) = n**2 + 13*n - 6. Calculate q(-16).
42
Let m(z) = -z**2 - 4*z + 7. Calculate m(-8).
-25
Let b(o) = -o**2 + 4*o + 20. Give b(9).
-25
Let q(s) = -s**3 - 9*s**2 - 7*s + 7. Calculate q(-8).
-1
Let n(j) = j**3 + 5*j**2 - 6*j + 9. Give n(-6).
9
Let k(a) = 5*a + 57. Determine k(8).
97
Let h(j) = j**2 - 5*j - 9. What is h(7)?
5
Let w(x) = x**2 + 12*x - 3. What is w(-13)?
10
Let z(y) = y**3 - 8*y**2 + y - 7. What is z(8)?
1
Let g(c) = c**3 - 8*c**2 - 15*c + 42. What is g(8)?
-78
Let k(f) = -11*f - 74. Calculate k(-3).
-41
Let y(s) = 7*s**3 - 8*s**2 + 6*s + 1. What is y(1)?
6
Let l(x) = -x**2 - 4*x - 2. Determine l(-2).
2
Let x(f) = 5*f - 66. Determine x(12).
-6
Let m(f) = -f**3 + 5*f**2 + 3*f - 20. Give m(6).
-38
Let i(g) = 4*g + 11. Determine i(-6).
-13
Let q(k) = 3*k**2 - 14*k + 6. Give q(4).
-2
Let m(t) = -38*t + 213. What is m(6)?
-15
Let q(p) = -p**2 - 10*p + 5. Determine q(-11).
-6
Let n(u) = u**2 + 4. Calculate n(9).
85
Let w(a) = -8*a + 50. Give w(5).
10
Let m(r) = r**3 - 11*r**2 + 15*r - 64. Calculate m(10).
-14
Let c(k) = k**2 - 18*k + 29. Determine c(16).
-3
Let n(w) = w**2 - 6*w - 19. Give n(8).
-3
Let x(b) = b**2 + 15*b - 1. Calculate x(-9).
-55
Let k(r) = 2*r**2 + 11*r + 18. What is k(-2)?
4
Let v(r) = r**3 - 20*r**2 - 2*r - 4. Determine v(20).
-44
Let z(u) = 4*u + 1. Determine z(-14).
-55
Let l(a) = -2*a - 7. Determine l(-9).
11
Let n(f) = f + 18. What is n(-5)?
13
Let t(m) = -m + 10. Determine t(5).
5
Let w(x) = 34*x**2 + 443*x + 18. Calculate w(-13).
5
Let x(o) = -31*o + 1. Determine x(1).
-30
Let m(j) = 3*j**2 - 72*j - 11. Determine m(24).
-11
Let m(q) = -3*q + 64. Give m(26).
-14
Let w(l) = l**3 + 6*l**2 + 4*l - 7. What is w(-6)?
-31
Let k(r) = -r**2 - 3*r + 1. Determine k(2).
-9
Let i(h) = -8*h**2 + 3*h - 4. Determine i(1).
-9
Let q(i) = i**3 + 57*i**2 + 308*i + 14. What is q(-6)?
2
Let i(k) = -k**2 - 4*k + 2. Calculate i(-2).
6
Let l(a) = a**2 + 11*a + 17. What is l(-6)?
-13
Let d(m) = m**2 - 6*m + 8. Determine d(7).
15
Let g(i) = 4*i + 29. Give g(-6).
5
Let q(d) = 5*d + 144. Determine q(-27).
9
Let f(y) = -y**2 + 2*y - 3. Determine f(2).
-3
Let f(n) = -44*n + 13. Calculate f(2).
-75
Let d(q) = 3*q + 26. Calculate d(-9).
-1
Let u(g) = -g. Determine u(-10).
10
Let v(l) = l**2 - 5*l + 109. Determine v(0).
109
Let w(v) = v**2 - 15*v + 21. Give w(9).
-33
Let w(a) = 11*a**2 + 15*a - 4. Give w(3).
140
Let x(q) = 22*q + 49. Calculate x(-8).
-127
Let h(y) = 19*y - 194. What is h(9)?
-23
Let j(r) = r**2 - 9*r. Give j(4).
-20
Let j(y) = -10*y - 321. Determine j(-32).
-1
Let d(i) = i**3 - 22*i**2 - 3*i + 55. Give d(22).
-11
Let y(w) = -w**2 - w - 1. Calculate y(-2).
-3
Let h(q) = q**3 + 12*q**2 - 12*q - 3. Calculate h(-13).
-16
Let g(i) = -3*i**2 - 3*i + 8. What is g(5)?
-82
Let v(z) = -z**3 + 10*z**2 - z + 126. Give v(11).
-6
Let k(d) = 12*d**2 - d - 5. What is k(0)?
-5
Let w(u) = u**3 + 7*u**2 + 11*u + 269. Give w(-9).
8
Let d(l) = 2*l**2 - 3*l - 88. What is d(7)?
-11
Let w(l) = -15*l - 41. What is w(-1)?
-26
Let k(t) = -t**3 + 2*t**2 - 4*t + 1. Calculate k(2).
-7
Let n(c) = 3*c - 6. Calculate n(5).
9
Let z(q) = -q**3 - 5*q**2 + 24*q - 4. Calculate z(-8).
-4
Let l(q) = q + 11. Give l(-6).
5
Let j(b) = b**2 - 18*b + 38. Calculate j(17).
21
Let f(p) = 2*p**3 + 1. Give f(1).
3
Let o(c) = 2*c**2 + 9*c + 7. Determine o(-7).
42
Let a(j) = -64*j - 522. Give a(-8).
-10
Let y(g) = 4*g**2 - 2*g - 13. Calculate y(-2).
7
Let z(s) = 2*s**2 - 10*s - 24. Calculate z(6).
-12
Let x(r) = 8*r - 297. Give x(40).
23
Let p(q) = 4*q**3 + 4*q**2 - q - 4. What is p(-2)?
-18
Let a(s) = -2*s**3 - 3*s**2 - 3*s - 1. Give a(-3).
35
Let y(o) = 4*o**2 - 3*o + 5. Give y(-5).
120
Let y(l) = -5*l**2 + 50*l - 12. What is y(10)?
-12
Let t(u) = -u**3 - 16*u**2 - 16*u + 2. Give t(-15).
17
Let q(v) = -248*v + 1981. Give q(8).
-3
Let d(v) = 2*v**2 - 23*v + 61. Give d(6).
-5
Let v(n) = -2*n**3 + n**2 + 3*n - 3. Calculate v(2).
-9
Let q(u) = u + 1. Calculate q(-6).
-5
Let f(y) = y**3 - 7*y**2 + 4*y - 7. Calculate f(7).
21
Let g(s) = -16*s - 80. What is g(-5)?
0
Let o(t) = -t - 29. Calculate o(0).
-29
Let c(u) = 6*u - 2. Calculate c(2).
10
Let u(s) = -s**3 - 14*s**2 - 10*s + 31. Determine u(-13).
-8
Let s(m) = m + 12. Calculate s(-13).
-1
Let q(y) = -y**2 + 20*y + 18. Calculate q(11).
117
Let y(n) = -n**3 + 7*n**2 + 6*n + 4. Calculate y(8).
-12
Let g(l) = l**2 - 24*l - 74. Give g(27).
7
Let q(z) = -13*z**2 + z. What is q(1)?
-12
Let s(y) = 3*y**2 - 87*y + 8. Calculate s(29).
8
Let y(g) = -3*g**2 - 12*g - 8. Give y(-4).
-8
Let i(m) = -72*m + 204. Determine i(3).
-12
Let d(q) = -2*q**3 - 12*q**2 + q - 4. What is d(-6)?
-10
Let c(k) = -9*k**3 + k**2. Determine c(1).
-8
Let d(o) = 53*o**3. Determine d(1).
53
Let w(z) = -4*z + 23. What is w(12)?
-25
Let b(f) = f**2 + 27*f + 38. What is b(-17)?
-132
Let j(r) = 42*r + 21. Give j(3).
147
Let r(w) = 5*w**3 - 22*w**2 + 12*w - 4. Determine r(4).
12
Let r(i) = -6*i + 163. What is r(26)?
7
Let u(n) = 5*n - 1. Calculate u(4).
19
Let z(u) = -2*u + 21. Determine z(8).
5
Let p(y) = y**3 + 12*y**2 + 10*y - 11. Determine p(-11).
0
Let w(x) = -8*x + 40. Give w(4).
8
Let o(v) = -11*v + 69. Determine o(7).
-8
Let f(y) = 79*y + 393. What is f(-5)?
-2
Let z(x) = 4*x + 16. Calculate z(-8).
-16
Let h(s) = 9*s**3 + s**2 - 3*s + 2. Give